 (-8)/(-20) + z/5. What is the units digit of (w - -2) + 1*5?
5
Let x = 24 + 1. Let o = 69 - x. Suppose 5*m - 41 = o. What is the tens digit of m?
1
Let o = -176 + 511. What is the units digit of o?
5
Suppose 0 = 2*r - 7*r + 80. Suppose 3*w = 2*w + 5, -2*b = -5*w + 7. What is the units digit of b/2*r/12?
6
Suppose 4*p + 320 = 5*q, 3*q + 83 = 3*p + 272. What is the tens digit of q?
6
Let p be (-1)/3 + 50/6. Let l be (-6)/9 - -3*(-48)/27. Let j = p + l. What is the units digit of j?
2
Suppose -3*m = 4 - 28. Let i = m + -5. What is the units digit of i?
3
Suppose -3 = -h - 12. Let l = h + 11. Suppose 5*x + 5*c = 20, -l*x + 3*c + 4 = -19. What is the units digit of x?
7
Let m be (-440)/12 + 2/(-6). Let s = m - -58. What is the units digit of s?
1
Let j = 50 - 73. Let w = -15 - j. What is the units digit of w?
8
What is the tens digit of (12/10 + -2)/(4/(-280))?
5
Let x(j) = -j**2 - 7*j - 1. Let o be x(-7). What is the units digit of (65/20)/(o/(-8))?
6
Suppose -2 = -y + 2*y. Suppose -5*n - 13 + 3 = 0. What is the units digit of (2 + y - n) + 6?
8
Let q(m) = -8*m**3 - m**2. Let o be q(-1). Suppose -v + 0*v = -o. Suppose 5*x = -3*z + 77, 13 = 5*z - v. What is the units digit of x?
3
What is the tens digit of (-10)/(-25) - 226/(-10)?
2
Let w(k) = -9 + 0*k + 3*k + 0. Suppose -2*b - 18 = -5*b. What is the units digit of w(b)?
9
Let z(k) = k**2 - k - 2. Let s be z(3). Suppose -s*n = -m - 37, 10 = -4*n - 5*m + 65. What is the units digit of n?
0
Let z = -70 + 92. What is the tens digit of z?
2
Let h = -30 - -55. What is the tens digit of h?
2
Let r be 1/4 + (-2)/8. Suppose i + 2*f - 8 = r, i + 3*f - 2*f = 7. What is the units digit of i?
6
Let w = 8 - 5. Suppose -w = -2*y - y. What is the units digit of y*(-9)/6*-6?
9
Let b be 5*1*6/15. Suppose 6 = l + 2*q - 6, 5*l - 20 = -b*q. Suppose 2*j = -s + l*s - 14, -36 = -4*s - 2*j. What is the tens digit of s?
1
Let i(y) = y**2 - 7*y + 4. Let w be ((-4)/6)/(2/(-21)). What is the units digit of i(w)?
4
Suppose 0 = -3*q + 6 - 0. Let t = 4 - q. What is the units digit of t?
2
Let o(h) = -6*h + 2. Let l(z) = z - 1. Let v(k) = -4*l(k) - o(k). What is the tens digit of v(8)?
1
Suppose -14 = -2*g + 4*u, 0 = -4*g + 3*u + u + 40. Suppose 2*r = -g + 39. What is the units digit of r?
3
Suppose 0 = 12*k - 7*k - 70. Suppose k*m - 11*m - 99 = 0. What is the units digit of m?
3
Suppose -3*t + 8 = -t. What is the units digit of (2/(-3))/(t/(-12))?
2
Suppose q = 2*q - 27. What is the units digit of q?
7
Let s = -24 + 36. What is the tens digit of 22 - (-4)/(s/9)?
2
Let l be 5*(44/(-10) + 2). Let x = l + 22. What is the tens digit of x?
1
Let z(v) = v - 1. Let y = -5 - -4. Let a be z(y). What is the units digit of (-2)/((a/1)/1)?
1
Let j(z) = -z**2 + 8*z + 5. Let a be j(6). Let q be a/4*(0 + 8). Suppose q = 4*v - 14. What is the units digit of v?
2
Let s = -4 + -4. Let t(r) = r**2 + 9*r + 11. Let f be t(s). Suppose p + 12 = f*p. What is the units digit of p?
6
Let d(z) = -4 + 3 - 1 - z. Let u be d(-4). Suppose -4*j + 20 = 4*q, 0*q + u*j + 39 = 5*q. What is the units digit of q?
7
Let m = -20 + 53. What is the units digit of m?
3
Suppose -2*o - 234 = -8*o. What is the units digit of o?
9
Let o(w) = 2*w**3 - 5*w**2 + 2*w + 4. What is the tens digit of o(4)?
6
Let m(s) = s + 16. Let v be m(-14). Suppose 4*o + 17 = v*r - 27, -4*r = o - 133. What is the units digit of r?
2
Let l be (-10)/3*48/(-4). Suppose o = -o + l. What is the tens digit of o?
2
Let n = -16 + 14. What is the units digit of (1/n)/((-4)/176)?
2
Suppose 3*u + 2*n - 220 = 0, -152 = -2*u - 2*n + 6*n. Suppose s + 5*g = 29, 3*g - u = -5*s + 159. What is the tens digit of s?
4
Let h(r) = r - 4. Let w be h(7). Suppose 0 = -3*v + 12 + w. What is the units digit of v?
5
What is the units digit of (4 - (-98)/(-7))*(-15)/2?
5
Suppose 16*p - 22*p = -222. What is the tens digit of p?
3
Let o(t) = 11*t - 34. What is the tens digit of o(26)?
5
Let c(q) = q**2 + 17*q + 30. What is the tens digit of c(-16)?
1
Let i(h) = 20*h + 23. What is the tens digit of i(7)?
6
Let s(o) = -2*o**3 - 4*o**2 - 3. Let c be s(-3). Suppose 4*x = 3*u - 10, -5*u - x = -4*u - c. Suppose z = g, -5*z + u - 4 = g. What is the units digit of z?
1
Let t be ((-3)/2)/((-2)/4). Suppose 4*s = t*b - 53, s - b + 7 = -7. Let c = -5 - s. What is the units digit of c?
6
Let c(q) = q**2 + 11*q - 12. What is the units digit of c(-14)?
0
Let g(l) = l**3 - 2*l**2 - l - 2. Let t be g(3). What is the units digit of (6/t)/((-6)/(-40))?
0
Let d be (1/(-1))/((-6)/54). What is the units digit of (21/d)/(2/6)?
7
Suppose -5*v + 161 = 2*i, -18 = -5*v + 3*i + 153. What is the tens digit of v?
3
Suppose 2*o - k - 435 = -2*o, o - 100 = 2*k. What is the tens digit of o?
1
What is the tens digit of (-3 + -39)*(-18)/12?
6
Suppose 2*v + 0*u - 54 = 2*u, 2*v - 39 = -3*u. What is the units digit of (v/(-16))/((-6)/136)?
4
Let s = 2 + 0. Let h(r) = 4 + 2*r - r - 1 - r**s. What is the units digit of h(0)?
3
Suppose 0 = 5*z - 3*p - 41, -4*z - 5 = 5*p - 23. What is the units digit of z?
7
Let k(o) = o**2 - 3*o - 4. Let b be k(5). Suppose g - 6 = b. What is the units digit of g?
2
Let u = -38 + 91. What is the units digit of u?
3
Let h(b) = -2*b**2 + 3 - 2*b + 2*b**2 + b**2. Suppose 4*q + 3*i + 7 = 0, 4*q + i = -i - 2. What is the units digit of h(q)?
3
Let z(u) = -u**2 - u + 22. What is the tens digit of z(0)?
2
Suppose -u - 2*u - 9 = 0. Let x = 5 + u. What is the units digit of x?
2
Let c = 20 + -10. Let a = c - 5. What is the units digit of a?
5
Let s(g) = -2*g**2 + 4*g + 8. Let t be s(4). Let v(q) = q**2 + 4*q - 6. What is the units digit of v(t)?
6
Let q(z) = 4*z**2 - 6*z + 2. Let x be q(4). Suppose 5*o + 210 = 5*m, m - 2*m - 4*o + x = 0. Suppose -3*u + m = -0*u. What is the tens digit of u?
1
Suppose 4*f + m - 5*m - 180 = 0, 3*f + 2*m - 125 = 0. What is the tens digit of f?
4
Let p(d) = -d**3 - 4 + 3*d**2 - 11*d**2 - 8*d + 1. Let n be p(-7). Suppose n - 9 = -l. What is the units digit of l?
5
Let j be 2/6 - 15/(-9). Let x(t) = 1 + 4 - 6 + j*t + 7*t**2. What is the units digit of x(1)?
8
What is the units digit of (-3)/((-15)/86) - (-3)/(-15)?
7
Suppose -3 = -5*x + x + 3*a, 18 = x + 5*a. Suppose 59 - 22 = 4*s + 5*f, -11 = -s - x*f. What is the units digit of s?
8
Let q = -51 + 106. What is the tens digit of q?
5
Suppose -3*r = -3*m + 114, 0*r = -2*m - 4*r + 64. What is the tens digit of m?
3
Suppose 3*y - 14 = -2. Suppose -y*q + 2*d - 18 = 0, 4*q + d + 5 = -q. Let f = q + 7. What is the units digit of f?
5
Let y(i) = -8*i**2 - 4*i**3 + 2*i - 8 + i + 6*i. Let j(m) = -5*m**3 - 9*m**2 + 10*m - 9. Let g(l) = -5*j(l) + 6*y(l). What is the units digit of g(2)?
1
Let o(w) = 7*w. Let k(g) = 15*g - 1. Let n(y) = 4*k(y) - 9*o(y). What is the units digit of n(-3)?
5
Let k(w) = -2*w**3 + w**2 + w + 1. Let i be k(-1). Suppose i*x = 5*x - 24. Suppose -2*o + 22 = -x. What is the tens digit of o?
1
Suppose -2*p + 125 = 3*p. Suppose -5*y - 4*c + 39 = 0, 0 = 3*y - 6*y - 2*c + p. What is the units digit of y?
1
Suppose -w + 6 = -2*i - 4*w, 3*i + 11 = -4*w. Let u = i + -4. Let z = u + 23. What is the units digit of z?
0
Let t(d) = 81*d**3 + 2*d**2 - 3*d + 2. What is the units digit of t(1)?
2
Suppose -z - 2*z = -12. Suppose -s - d + 18 = 0, -s + 3*d + z = -2. What is the units digit of s?
5
Suppose 2*v - 8 + 2 = 0. What is the units digit of v?
3
Let m(j) = -3*j - 11. Suppose 4*x = 2 + 54. Let s = x - 22. What is the tens digit of m(s)?
1
Let k(h) = h**3 + 12*h**2 + 12*h + 12. Let s be k(-11). Let z(u) = 56*u**3 + u**2 - u - 1. What is the units digit of z(s)?
5
Let f = -7 - -16. Suppose 4*x + f = 53. What is the units digit of x?
1
What is the tens digit of 16/(-3 - -7)*11?
4
Let k be 4/(-18) + (-29)/(-9). Suppose 3*l - 10 = l. Suppose -k*j + 15 + 3 = 3*z, 3*z - 16 = -l*j. What is the units digit of z?
7
Suppose -2*v + 2 - 4 = 0, -2*v = -5*k + 62. Let l = k - -38. Suppose -3*b + 2*g + 29 = -2*g, l = 5*b - 5*g. What is the units digit of b?
1
Let g(q) = -2*q**2 - 3*q - 1. Let m be 16/(-6) - 2/(-3). Let f be g(m). What is the units digit of (8/(-6))/(f/9)?
4
Let l(a) be the second derivative of -a**4/12 - 3*a**3/2 - 5*a. What is the units digit of l(-7)?
4
Let b(u) = -u - 1. Let k be b(-3). Suppose -5*g + 2*c + 2*c - 2 = 0, 3*c - 9 = 0. What is the units dig